{"id":869,"date":"2022-08-16T10:17:00","date_gmt":"2022-08-16T08:17:00","guid":{"rendered":"http:\/\/courir-ensemble-sathonay.fr\/?page_id=869"},"modified":"2024-07-10T22:32:11","modified_gmt":"2024-07-10T20:32:11","slug":"les-seances-dentrainement-horaires-programmes","status":"publish","type":"page","link":"https:\/\/courir-ensemble-sathonay.fr\/index.php\/les-seances-dentrainement-horaires-programmes\/","title":{"rendered":"Les S\u00e9ances d&rsquo;entra\u00eenement : horaires  \/programmes."},"content":{"rendered":"\n<div class=\"wp-block-group is-layout-flow wp-block-group-is-layout-flow\">\n<div class=\"wp-block-columns are-vertically-aligned-center is-layout-flex wp-container-core-columns-is-layout-28f84493 wp-block-columns-is-layout-flex\">\n<div class=\"wp-block-column is-vertically-aligned-center is-layout-flow wp-block-column-is-layout-flow\" style=\"flex-basis:100%\">\n<div class=\"wp-block-group is-layout-flow wp-block-group-is-layout-flow\">\n<div class=\"wp-block-columns is-layout-flex wp-container-core-columns-is-layout-28f84493 wp-block-columns-is-layout-flex\">\n<div class=\"wp-block-column is-vertically-aligned-top is-layout-flow wp-block-column-is-layout-flow\" style=\"flex-basis:100%\">\n<div class=\"wp-block-cover is-light\"><span aria-hidden=\"true\" class=\"wp-block-cover__background has-background-dim-0 has-background-dim\"><\/span><div class=\"wp-block-cover__inner-container is-layout-flow wp-block-cover-is-layout-flow\">\n<div class=\"wp-block-group is-nowrap is-layout-flex wp-container-core-group-is-layout-6c531013 wp-block-group-is-layout-flex\">\n<figure class=\"wp-block-gallery has-nested-images columns-6 is-cropped alignfull wp-block-gallery-1 is-layout-flex wp-block-gallery-is-layout-flex\">\n<figure class=\"wp-block-image size-full is-style-rounded\"><img loading=\"lazy\" decoding=\"async\" width=\"326\" height=\"326\" data-id=\"920\" src=\"http:\/\/courir-ensemble-sathonay.fr\/wp-content\/uploads\/2022\/09\/1544283733003804578.jpg\" alt=\"\" class=\"wp-image-920\" srcset=\"https:\/\/courir-ensemble-sathonay.fr\/wp-content\/uploads\/2022\/09\/1544283733003804578.jpg 326w, https:\/\/courir-ensemble-sathonay.fr\/wp-content\/uploads\/2022\/09\/1544283733003804578-300x300.jpg 300w, https:\/\/courir-ensemble-sathonay.fr\/wp-content\/uploads\/2022\/09\/1544283733003804578-150x150.jpg 150w, https:\/\/courir-ensemble-sathonay.fr\/wp-content\/uploads\/2022\/09\/1544283733003804578-230x230.jpg 230w\" sizes=\"auto, (max-width: 326px) 100vw, 326px\" \/><figcaption class=\"wp-element-caption\">Micka<\/figcaption><\/figure>\n\n\n\n<figure class=\"wp-block-image size-large is-style-rounded\"><img loading=\"lazy\" decoding=\"async\" width=\"229\" height=\"351\" data-id=\"906\" src=\"http:\/\/courir-ensemble-sathonay.fr\/wp-content\/uploads\/2022\/08\/nico.png\" alt=\"\" class=\"wp-image-906\" srcset=\"https:\/\/courir-ensemble-sathonay.fr\/wp-content\/uploads\/2022\/08\/nico.png 229w, https:\/\/courir-ensemble-sathonay.fr\/wp-content\/uploads\/2022\/08\/nico-196x300.png 196w\" sizes=\"auto, (max-width: 229px) 100vw, 229px\" \/><figcaption class=\"wp-element-caption\">Nico<\/figcaption><\/figure>\n\n\n\n<figure class=\"wp-block-image size-large is-style-rounded\"><img loading=\"lazy\" decoding=\"async\" width=\"1000\" height=\"1044\" data-id=\"878\" src=\"http:\/\/courir-ensemble-sathonay.fr\/wp-content\/uploads\/2022\/08\/170222_210421-edited-1.jpg\" alt=\"\" class=\"wp-image-878\" srcset=\"https:\/\/courir-ensemble-sathonay.fr\/wp-content\/uploads\/2022\/08\/170222_210421-edited-1.jpg 1000w, https:\/\/courir-ensemble-sathonay.fr\/wp-content\/uploads\/2022\/08\/170222_210421-edited-1-287x300.jpg 287w, https:\/\/courir-ensemble-sathonay.fr\/wp-content\/uploads\/2022\/08\/170222_210421-edited-1-981x1024.jpg 981w, https:\/\/courir-ensemble-sathonay.fr\/wp-content\/uploads\/2022\/08\/170222_210421-edited-1-768x802.jpg 768w, https:\/\/courir-ensemble-sathonay.fr\/wp-content\/uploads\/2022\/08\/170222_210421-edited-1-920x960.jpg 920w, https:\/\/courir-ensemble-sathonay.fr\/wp-content\/uploads\/2022\/08\/170222_210421-edited-1-230x240.jpg 230w, https:\/\/courir-ensemble-sathonay.fr\/wp-content\/uploads\/2022\/08\/170222_210421-edited-1-350x365.jpg 350w, https:\/\/courir-ensemble-sathonay.fr\/wp-content\/uploads\/2022\/08\/170222_210421-edited-1-480x501.jpg 480w\" sizes=\"auto, (max-width: 1000px) 100vw, 1000px\" \/><figcaption class=\"wp-element-caption\">Patrice<\/figcaption><\/figure>\n\n\n\n<figure class=\"wp-block-image size-large is-style-rounded\"><img loading=\"lazy\" decoding=\"async\" width=\"424\" height=\"565\" data-id=\"916\" src=\"https:\/\/courir-ensemble-sathonay.fr\/wp-content\/uploads\/2022\/08\/lolo.png\" alt=\"\" class=\"wp-image-916\" srcset=\"https:\/\/courir-ensemble-sathonay.fr\/wp-content\/uploads\/2022\/08\/lolo.png 424w, https:\/\/courir-ensemble-sathonay.fr\/wp-content\/uploads\/2022\/08\/lolo-225x300.png 225w, https:\/\/courir-ensemble-sathonay.fr\/wp-content\/uploads\/2022\/08\/lolo-230x306.png 230w, https:\/\/courir-ensemble-sathonay.fr\/wp-content\/uploads\/2022\/08\/lolo-350x466.png 350w\" sizes=\"auto, (max-width: 424px) 100vw, 424px\" \/><figcaption class=\"wp-element-caption\">Lolo<\/figcaption><\/figure>\n<figcaption class=\"blocks-gallery-caption wp-element-caption\">Les coachs<\/figcaption><\/figure>\n<\/div>\n\n\n\n<p class=\"has-text-align-center\"><\/p>\n<\/div><\/div>\n<\/div>\n<\/div>\n<\/div>\n<\/div>\n<\/div>\n<\/div>\n\n\n\n<p><\/p>\n\n\n\n<p><span style=\"text-decoration: underline;\">Le mardi&nbsp; 19 heures<\/span><strong> :&nbsp; S\u00c9ANCE DE&nbsp; FRACTIONN\u00c9<\/strong><\/p>\n\n\n\n<p>Sur la voie Verte, le Boulevard de l\u2019Ouest, parc du haut de Combe.<\/p>\n\n\n\n<p>Ces s\u00e9ances sont encadr\u00e9es par nos entra\u00eeneurs qui proposent des exercices vari\u00e9s et adapt\u00e9s aux niveaux de chacun.&nbsp;Ils ont pour objectif&nbsp;:<\/p>\n\n\n\n<ul class=\"wp-block-list\">\n<li><strong>L\u2019am\u00e9lioration de la technique de course<\/strong><\/li>\n\n\n\n<li><strong>La vitesse de base<\/strong><\/li>\n<\/ul>\n\n\n\n<p><span style=\"text-decoration: underline;\">Le jeudi 19 heures<\/span><strong> :&nbsp;&nbsp;S\u00c9ANCE DE FOOTING L\u00c9GER<\/strong><\/p>\n\n\n\n<p>Sortie conviviale et loisir d\u2019une dur\u00e9e d\u2019environ 1&nbsp;heure ou plus selon les objectifs.<\/p>\n\n\n\n<p><span style=\"text-decoration: underline;\">Le samedi 9 heures<\/span><strong> :&nbsp;S\u00c9ANCE SPECIFIQUE<\/strong><\/p>\n\n\n\n<p>S\u00e9ance adapt\u00e9e \u00e0 la course en pr\u00e9paration.<\/p>\n\n\n\n<p><span style=\"text-decoration: underline;\">Le dimanche 9 heures<\/span><strong> :&nbsp;S\u00c9ANCE D\u2019ENDURANCE<\/strong><\/p>\n\n\n\n<p>Sortie m\u00ealant d\u00e9tente et d\u00e9couverte, \u00e0 travers les sentiers et chemins de la commune de Sathonay-Camp, des communes avoisinantes avec parfois des sorties sur le site des Monts d\u2019Or, pour une dur\u00e9e de 1 heure 30 minutes \u00e0 2 heures.<\/p>\n\n\n\n<p>Ou :<\/p>\n\n\n\n<p>D\u00e9part group\u00e9 vers un lieu de comp\u00e9tition o\u00f9 un certain nombre d&rsquo;entre nous vont montrer les couleurs de notre Club, principalement dans la r\u00e9gion lyonnaise.<\/p>\n","protected":false},"excerpt":{"rendered":"<p>Le mardi&nbsp; 19 heures :&nbsp; S\u00c9ANCE DE&nbsp; FRACTIONN\u00c9 Sur la voie Verte, le Boulevard de l\u2019Ouest, parc du haut de Combe. Ces [&hellip;]<\/p>\n","protected":false},"author":1,"featured_media":0,"parent":0,"menu_order":0,"comment_status":"closed","ping_status":"closed","template":"","meta":{"footnotes":""},"class_list":["post-869","page","type-page","status-publish","hentry"],"_links":{"self":[{"href":"https:\/\/courir-ensemble-sathonay.fr\/index.php\/wp-json\/wp\/v2\/pages\/869","targetHints":{"allow":["GET"]}}],"collection":[{"href":"https:\/\/courir-ensemble-sathonay.fr\/index.php\/wp-json\/wp\/v2\/pages"}],"about":[{"href":"https:\/\/courir-ensemble-sathonay.fr\/index.php\/wp-json\/wp\/v2\/types\/page"}],"author":[{"embeddable":true,"href":"https:\/\/courir-ensemble-sathonay.fr\/index.php\/wp-json\/wp\/v2\/users\/1"}],"replies":[{"embeddable":true,"href":"https:\/\/courir-ensemble-sathonay.fr\/index.php\/wp-json\/wp\/v2\/comments?post=869"}],"version-history":[{"count":9,"href":"https:\/\/courir-ensemble-sathonay.fr\/index.php\/wp-json\/wp\/v2\/pages\/869\/revisions"}],"predecessor-version":[{"id":958,"href":"https:\/\/courir-ensemble-sathonay.fr\/index.php\/wp-json\/wp\/v2\/pages\/869\/revisions\/958"}],"wp:attachment":[{"href":"https:\/\/courir-ensemble-sathonay.fr\/index.php\/wp-json\/wp\/v2\/media?parent=869"}],"curies":[{"name":"wp","href":"https:\/\/api.w.org\/{rel}","templated":true}]}}